{"id":8880,"date":"2023-02-10T16:06:55","date_gmt":"2023-02-10T14:06:55","guid":{"rendered":"https:\/\/test.ihmo.fi\/?page_id=8880"},"modified":"2023-02-10T16:28:01","modified_gmt":"2023-02-10T14:28:01","slug":"opettajat-2","status":"publish","type":"page","link":"https:\/\/test.ihmo.fi\/?page_id=8880","title":{"rendered":"Opettajat"},"content":{"rendered":"\t\t<div data-elementor-type=\"wp-page\" data-elementor-id=\"8880\" class=\"elementor elementor-8880\">\n\t\t\t\t<div class=\"elementor-element elementor-element-31073c7 e-flex e-con-boxed e-con e-parent\" data-id=\"31073c7\" data-element_type=\"container\">\n\t\t\t\t\t<div class=\"e-con-inner\">\n\t\t\t\t<div class=\"elementor-element elementor-element-305fc41 elementor-widget elementor-widget-heading\" data-id=\"305fc41\" data-element_type=\"widget\" data-widget_type=\"heading.default\">\n\t\t\t\t<div class=\"elementor-widget-container\">\n\t\t\t\t\t<h2 class=\"elementor-heading-title elementor-size-default\">M-luokkien kerhotuntien opettajat<\/h2>\t\t\t\t<\/div>\n\t\t\t\t<\/div>\n\t\t\t\t<div class=\"elementor-element elementor-element-113843e elementor-widget elementor-widget-text-editor\" data-id=\"113843e\" data-element_type=\"widget\" data-widget_type=\"text-editor.default\">\n\t\t\t\t<div class=\"elementor-widget-container\">\n\t\t\t\t\t\t\t\t\t<p><strong>S\u00e4hk\u00f6posti:\u00a0<\/strong>etunimi.sukunimi@ihmo.fi<\/p>\t\t\t\t\t\t\t\t<\/div>\n\t\t\t\t<\/div>\n\t\t\t\t<div class=\"elementor-element elementor-element-b150cb2 elementor-widget elementor-widget-text-editor\" data-id=\"b150cb2\" data-element_type=\"widget\" data-widget_type=\"text-editor.default\">\n\t\t\t\t<div class=\"elementor-widget-container\">\n\t\t\t\t\t\t\t\t\t<table style=\"border-collapse: collapse; width: 50%;\" border=\"0\" width=\"200\" cellspacing=\"0\" cellpadding=\"0\"><tbody><tr style=\"height: 14.5pt;\"><td style=\"height: 14.5pt; width: 48pt;\" width=\"64\" height=\"19\"><strong>Jousisoittimet<\/strong><\/td><td style=\"width: 48pt;\" width=\"64\">\u00a0<\/td><\/tr><tr style=\"height: 14.5pt;\"><td style=\"height: 14.5pt;\" height=\"19\">Ehrlund Krister<\/td><td>Viulu<\/td><\/tr><tr style=\"height: 14.5pt;\"><td style=\"height: 14.5pt;\" height=\"19\">Frye Yvonne<\/td><td>Viulu<\/td><\/tr><tr style=\"height: 14.5pt;\"><td style=\"height: 14.5pt;\" height=\"19\">M\u00e4ntyl\u00e4 Maria<\/td><td>Viulu<\/td><\/tr><tr style=\"height: 14.5pt;\"><td style=\"height: 14.5pt;\" height=\"19\">Pesonen Hanna<\/td><td>Viulu<\/td><\/tr><tr style=\"height: 14.5pt;\"><td style=\"height: 14.5pt;\" height=\"19\">Pohjola Anna<\/td><td>Viulu<\/td><\/tr><tr style=\"height: 14.5pt;\"><td style=\"height: 14.5pt;\" height=\"19\">Sinisalo Maija<\/td><td>Viulu<\/td><\/tr><tr style=\"height: 14.5pt;\"><td style=\"height: 14.5pt;\" height=\"19\">Untamala Lauri<\/td><td>Viulu<\/td><\/tr><tr style=\"height: 14.5pt;\"><td style=\"height: 14.5pt;\" height=\"19\">Voima Noora<\/td><td>Viulu<\/td><\/tr><tr style=\"height: 14.5pt;\"><td style=\"height: 14.5pt;\" height=\"19\">\u00a0<\/td><td>\u00a0<\/td><\/tr><tr style=\"height: 14.5pt;\"><td style=\"height: 14.5pt;\" height=\"19\">Br\u00e4nnk\u00e4rr Tina<\/td><td>Alttoviulu<\/td><\/tr><tr style=\"height: 14.5pt;\"><td style=\"height: 14.5pt;\" height=\"19\">Tiebout Kerttu<\/td><td>Alttoviulu<\/td><\/tr><tr style=\"height: 14.5pt;\"><td style=\"height: 14.5pt;\" height=\"19\">\u00a0<\/td><td>\u00a0<\/td><\/tr><tr style=\"height: 14.5pt;\"><td style=\"height: 14.5pt;\" height=\"19\">Aarnio Taru<\/td><td>Sello<\/td><\/tr><tr style=\"height: 14.5pt;\"><td style=\"height: 14.5pt;\" height=\"19\">Hannikainen Anna<\/td><td>Sello<\/td><\/tr><tr style=\"height: 14.5pt;\"><td style=\"height: 14.5pt;\" height=\"19\">\u00a0<\/td><td>\u00a0<\/td><\/tr><tr style=\"height: 14.5pt;\"><td style=\"height: 14.5pt;\" height=\"19\">Nyberg Tarja<\/td><td>Kontrabasso<\/td><\/tr><tr style=\"height: 14.5pt;\"><td style=\"height: 14.5pt;\" height=\"19\">\u00a0<\/td><td>\u00a0<\/td><\/tr><tr style=\"height: 14.5pt;\"><td style=\"height: 14.5pt;\" height=\"19\"><strong>Puupuhaltimet<\/strong><\/td><td>\u00a0<\/td><\/tr><tr style=\"height: 14.5pt;\"><td style=\"height: 14.5pt;\" height=\"19\">Laasonen Jaana<\/td><td>Huilu<\/td><\/tr><tr style=\"height: 14.5pt;\"><td style=\"height: 14.5pt;\" height=\"19\">Kiljala P\u00e4ivi<\/td><td>Klarinetti<\/td><\/tr><tr style=\"height: 14.5pt;\"><td style=\"height: 14.5pt;\" height=\"19\">Sallner Saara<\/td><td>Oboe<\/td><\/tr><tr style=\"height: 14.5pt;\"><td style=\"height: 14.5pt;\" height=\"19\">Toivonen Marika<\/td><td>Fagotti<\/td><\/tr><tr style=\"height: 14.5pt;\"><td style=\"height: 14.5pt;\" height=\"19\">Kuusanm\u00e4ki Maija<\/td><td>Nokkahuilu<\/td><\/tr><tr style=\"height: 14.5pt;\"><td style=\"height: 14.5pt;\" height=\"19\">\u00a0<\/td><td>\u00a0<\/td><\/tr><tr style=\"height: 14.5pt;\"><td style=\"height: 14.5pt;\" height=\"19\"><strong>Vaskipuhaltimet<\/strong><\/td><td>\u00a0<\/td><\/tr><tr style=\"height: 14.5pt;\"><td style=\"height: 14.5pt;\" height=\"19\">Loiske Mari<\/td><td>K\u00e4yr\u00e4torvi<\/td><\/tr><tr style=\"height: 14.5pt;\"><td style=\"height: 14.5pt;\" height=\"19\">Rissanen Emilia<\/td><td>Tenoritorvi ja pasuuna<\/td><\/tr><tr style=\"height: 14.5pt;\"><td style=\"height: 14.5pt;\" height=\"19\">J\u00e4\u00e4skel\u00e4inen Anni<\/td><td>Trumpetti<\/td><\/tr><tr style=\"height: 14.5pt;\"><td style=\"height: 14.5pt;\" height=\"19\">Sinisalo Helena<\/td><td>Trumpetti<\/td><\/tr><tr style=\"height: 14.5pt;\"><td style=\"height: 14.5pt;\" height=\"19\">\u00a0<\/td><td>\u00a0<\/td><\/tr><tr style=\"height: 14.5pt;\"><td style=\"height: 14.5pt;\" height=\"19\"><strong>Harmoniasoittimet<\/strong><\/td><td>\u00a0<\/td><\/tr><tr style=\"height: 14.5pt;\"><td style=\"height: 14.5pt;\" height=\"19\">Miika Sn\u00e5re<\/td><td>Kitara<\/td><\/tr><tr style=\"height: 14.5pt;\"><td style=\"height: 14.5pt;\" height=\"19\">Mari Gustavsson<\/td><td>Kantele<\/td><\/tr><tr style=\"height: 14.5pt;\"><td style=\"height: 14.5pt;\" height=\"19\">Satu Sopanen<\/td><td>Kantele<\/td><\/tr><tr style=\"height: 14.5pt;\"><td style=\"height: 14.5pt;\" height=\"19\">Antti Leinonen<\/td><td>Harmonikka<\/td><\/tr><tr style=\"height: 14.5pt;\"><td style=\"height: 14.5pt;\" height=\"19\">Sini Str\u00f6m<\/td><td>Harmonikka<\/td><\/tr><tr style=\"height: 14.5pt;\"><td style=\"height: 14.5pt;\" height=\"19\">Hanna Berglind<\/td><td>Piano<\/td><\/tr><tr style=\"height: 14.5pt;\"><td style=\"height: 14.5pt;\" height=\"19\">Kristiina Junttu<\/td><td>Piano<\/td><\/tr><tr style=\"height: 14.5pt;\"><td style=\"height: 14.5pt;\" height=\"19\">Ilppo Lukkarinen<\/td><td>Piano ja yhtye<\/td><\/tr><tr style=\"height: 14.5pt;\"><td style=\"height: 14.5pt;\" height=\"19\">\u00a0<\/td><td>\u00a0<\/td><\/tr><tr style=\"height: 14.5pt;\"><td style=\"height: 14.5pt;\" height=\"19\"><strong>Perusopetus musiikki<\/strong><\/td><td>\u00a0<\/td><\/tr><tr style=\"height: 14.5pt;\"><td style=\"height: 14.5pt;\" height=\"19\">Lehikoinen Lotte<\/td><td>1-5M<\/td><\/tr><tr style=\"height: 14.5pt;\"><td style=\"height: 14.5pt;\" height=\"19\">Rahunen Jenni<\/td><td>6-9M<\/td><\/tr><tr style=\"height: 14.5pt;\"><td style=\"height: 14.5pt;\" height=\"19\">\u00a0<\/td><td>\u00a0<\/td><\/tr><\/tbody><\/table>\t\t\t\t\t\t\t\t<\/div>\n\t\t\t\t<\/div>\n\t\t\t\t\t<\/div>\n\t\t\t\t<\/div>\n\t\t\t\t<\/div>\n\t\t","protected":false},"excerpt":{"rendered":"<p>M-luokkien kerhotuntien opettajat S\u00e4hk\u00f6posti:\u00a0etunimi.sukunimi@ihmo.fi Jousisoittimet \u00a0 Ehrlund Krister Viulu Frye Yvonne Viulu M\u00e4ntyl\u00e4 Maria Viulu Pesonen Hanna Viulu Pohjola Anna Viulu Sinisalo Maija Viulu Untamala Lauri Viulu Voima Noora Viulu \u00a0 \u00a0 Br\u00e4nnk\u00e4rr Tina Alttoviulu Tiebout Kerttu Alttoviulu \u00a0 \u00a0 Aarnio Taru Sello Hannikainen Anna Sello \u00a0 \u00a0 Nyberg Tarja Kontrabasso \u00a0 \u00a0 Puupuhaltimet \u00a0 [&hellip;]<\/p>\n","protected":false},"author":156753792,"featured_media":0,"parent":0,"menu_order":0,"comment_status":"closed","ping_status":"closed","template":"","meta":{"footnotes":""},"_links":{"self":[{"href":"https:\/\/test.ihmo.fi\/index.php?rest_route=\/wp\/v2\/pages\/8880"}],"collection":[{"href":"https:\/\/test.ihmo.fi\/index.php?rest_route=\/wp\/v2\/pages"}],"about":[{"href":"https:\/\/test.ihmo.fi\/index.php?rest_route=\/wp\/v2\/types\/page"}],"author":[{"embeddable":true,"href":"https:\/\/test.ihmo.fi\/index.php?rest_route=\/wp\/v2\/users\/156753792"}],"replies":[{"embeddable":true,"href":"https:\/\/test.ihmo.fi\/index.php?rest_route=%2Fwp%2Fv2%2Fcomments&post=8880"}],"version-history":[{"count":22,"href":"https:\/\/test.ihmo.fi\/index.php?rest_route=\/wp\/v2\/pages\/8880\/revisions"}],"predecessor-version":[{"id":8920,"href":"https:\/\/test.ihmo.fi\/index.php?rest_route=\/wp\/v2\/pages\/8880\/revisions\/8920"}],"wp:attachment":[{"href":"https:\/\/test.ihmo.fi\/index.php?rest_route=%2Fwp%2Fv2%2Fmedia&parent=8880"}],"curies":[{"name":"wp","href":"https:\/\/api.w.org\/{rel}","templated":true}]}}